{"id":100,"date":"2020-03-03T20:22:25","date_gmt":"2020-03-03T20:22:25","guid":{"rendered":"http:\/\/seancarrillo.com\/?page_id=100"},"modified":"2020-03-04T21:46:10","modified_gmt":"2020-03-04T21:46:10","slug":"welcome","status":"publish","type":"page","link":"https:\/\/seancarrillo.com\/","title":{"rendered":"Welcome"},"content":{"rendered":"\n<p>wilkommen &#8211; bienvenue &#8211; welcome &#8211; ahla w sala &#8211; \u0532\u0561\u0580\u056b \u0563\u0561\u056c\u0578\u0582\u057d\u057f! &#8211; Rahajeng rauh &#8211; Ongi etorri &#8211; \u0160e das d&#8217; kemma bisd &#8211; Benvinguts &#8211; Bula &#8211; Aloha &#8211; F\u00e1ilte &#8211; Ta\u014by\u00e1\u014b yah\u00edpi &#8211; Salve &#8211; Haykuykuy! &#8211; Bienvenido &#8211; V\u00e4lkomna &#8211; Croeso<\/p>\n","protected":false},"excerpt":{"rendered":"<p>wilkommen &#8211; bienvenue &#8211; welcome &#8211; ahla w sala &#8211; \u0532\u0561\u0580\u056b \u0563\u0561\u056c\u0578\u0582\u057d\u057f! &#8211; Rahajeng rauh &#8211; Ongi etorri &#8211; \u0160e das d&#8217; kemma bisd &#8211; Benvinguts &#8211; Bula &#8211; Aloha &#8211; F\u00e1ilte &#8211; Ta\u014by\u00e1\u014b yah\u00edpi &#8211; Salve &#8211; Haykuykuy! &#8211; Bienvenido &#8211; V\u00e4lkomna &#8211; Croeso<\/p>\n","protected":false},"author":1,"featured_media":0,"parent":0,"menu_order":0,"comment_status":"closed","ping_status":"closed","template":"","meta":{"footnotes":""},"_links":{"self":[{"href":"https:\/\/seancarrillo.com\/index.php?rest_route=\/wp\/v2\/pages\/100"}],"collection":[{"href":"https:\/\/seancarrillo.com\/index.php?rest_route=\/wp\/v2\/pages"}],"about":[{"href":"https:\/\/seancarrillo.com\/index.php?rest_route=\/wp\/v2\/types\/page"}],"author":[{"embeddable":true,"href":"https:\/\/seancarrillo.com\/index.php?rest_route=\/wp\/v2\/users\/1"}],"replies":[{"embeddable":true,"href":"https:\/\/seancarrillo.com\/index.php?rest_route=%2Fwp%2Fv2%2Fcomments&post=100"}],"version-history":[{"count":5,"href":"https:\/\/seancarrillo.com\/index.php?rest_route=\/wp\/v2\/pages\/100\/revisions"}],"predecessor-version":[{"id":141,"href":"https:\/\/seancarrillo.com\/index.php?rest_route=\/wp\/v2\/pages\/100\/revisions\/141"}],"wp:attachment":[{"href":"https:\/\/seancarrillo.com\/index.php?rest_route=%2Fwp%2Fv2%2Fmedia&parent=100"}],"curies":[{"name":"wp","href":"https:\/\/api.w.org\/{rel}","templated":true}]}}